s 956956501 a composite number?
False
Is 13223419 composite?
True
Is 17071811 prime?
True
Is 18268321 composite?
False
Is 11520617 a composite number?
False
Is 72133 composite?
True
Is 52107589 prime?
True
Is 278728217 composite?
False
Is 438298841 a composite number?
False
Is 60343079 a composite number?
False
Is 249753991 prime?
False
Is 30239185 a prime number?
False
Is 616295877 a prime number?
False
Is 14225461 prime?
True
Is 14362373 a composite number?
True
Is 22303147 composite?
False
Is 8987941 a prime number?
False
Is 28958165 composite?
True
Is 13826969 a prime number?
False
Is 112725281 prime?
True
Is 35453851 a prime number?
True
Is 279449741 a prime number?
False
Is 29218993 composite?
True
Is 465677 a composite number?
True
Is 134381803 a composite number?
False
Is 360307 prime?
True
Is 32464241 a composite number?
False
Is 190947959 prime?
True
Is 69461333 a composite number?
False
Is 19341599 a composite number?
True
Is 1522553 a prime number?
True
Is 80463899 a composite number?
False
Is 10634731 composite?
True
Is 3938797 composite?
True
Is 3994391 a composite number?
False
Is 292909 a prime number?
True
Is 269100587 prime?
False
Is 78338959 composite?
True
Is 11755711 a composite number?
True
Is 1672303 a composite number?
True
Is 106242914 a prime number?
False
Is 358654313 composite?
False
Is 163635959 prime?
True
Is 5421071 a prime number?
True
Is 20682119 prime?
True
Is 3930007 prime?
False
Is 41859263 prime?
True
Is 64433 a composite number?
False
Is 2395093 a composite number?
True
Is 161521 a composite number?
False
Is 57362491 composite?
True
Is 425687 a composite number?
True
Is 6683249 a composite number?
False
Is 300582743 composite?
False
Is 18870671 a prime number?
False
Is 3576463 composite?
True
Is 968699 prime?
True
Is 923017 composite?
False
Is 831217 a composite number?
False
Is 170165839 a prime number?
False
Is 4975571 composite?
False
Is 199253663 a composite number?
True
Is 180893663 prime?
False
Is 47618659 prime?
False
Is 217607645 a prime number?
False
Is 683003 a composite number?
False
Is 208612739 a composite number?
False
Is 1752749 a prime number?
True
Is 18048649 a composite number?
False
Is 43649 a composite number?
False
Is 14943805 prime?
False
Is 8061323 a composite number?
False
Is 1340617 composite?
False
Is 17751218 composite?
True
Is 1336005493 a composite number?
False
Is 580319 a composite number?
True
Is 724091 a prime number?
False
Is 498227 a prime number?
True
Is 7024511 a prime number?
False
Is 316385 prime?
False
Is 32605241 a prime number?
True
Is 30813127 composite?
True
Is 14446807 a prime number?
False
Is 76274741 a prime number?
True
Is 479092843 a composite number?
False
Is 4713062 a composite number?
True
Is 11930401 a composite number?
True
Is 4222483 a prime number?
True
Is 61721833 prime?
False
Is 1141427 prime?
False
Is 661721 prime?
True
Is 17842259 prime?
True
Is 1148219 a composite number?
False
Is 1868149 a composite number?
False
Is 2790391 composite?
False
Is 32978797 a prime number?
True
Is 4520371 prime?
True
Is 7553323 a prime number?
False
Is 119300477 composite?
False
Is 4219321 a composite number?
True
Is 19213657 prime?
False
Is 3101999 a prime number?
True
Is 14477153 composite?
True
Is 4447221 a prime number?
False
Is 13491853 a composite number?
False
Is 10974805 prime?
False
Is 1149779 prime?
True
Is 804687869 a composite number?
False
Is 34946009 composite?
True
Is 6697 composite?
True
Is 1333883 prime?
True
Is 268352681 composite?
False
Is 117797 a prime number?
True
Is 22667639 a composite number?
True
Is 40976321 composite?
False
Is 358331 prime?
True
Is 928409 composite?
False
Is 901367 a prime number?
True
Is 3668369 a prime number?
True
Is 11286983 composite?
True
Is 3804811 a prime number?
True
Is 5258519 a prime number?
False
Is 284714 a composite number?
True
Is 187287187 composite?
True
Is 12027271 composite?
False
Is 36037 a prime number?
True
Is 28314947 a composite number?
False
Is 30778897 a prime number?
False
Is 7439789 a composite number?
True
Is 696571411 composite?
False
Is 8724901 a composite number?
True
Is 1428251 composite?
True
Is 67356403 prime?
False
Is 64568861 a composite number?
True
Is 10953121 composite?
True
Is 21369911 composite?
False
Is 35294003 prime?
True
Is 932641 prime?
False
Is 28505449 a prime number?
False
Is 59525327 a prime number?
False
Is 9439087 a composite number?
True
Is 745273 prime?
True
Is 67929923 a composite number?
False
Is 4395569 composite?
True
Is 9804157 composite?
True
Is 2009237 prime?
False
Is 6437513 composite?
True
Is 9747187 prime?
True
Is 1878319 prime?
True
Is 228351571 a prime number?
False
Is 848258 prime?
False
Is 38368501 a composite number?
False
Is 3097401 composite?
True
Is 29243587 a composite number?
True
Is 81398027 a composite number?
False
Is 147977 prime?
True
Is 9776521 a prime number?
True
Is 3870478 a prime number?
False
Is 1976141 composite?
False
Is 991885 prime?
False
Is 1838297 composite?
False
Is 2400659 prime?
False
Is 3868003 prime?
True
Is 1495561 composite?
False
Is 34139593 a composite number?
True
Is 5818453 a prime number?
False
Is 9564371 composite?
False
Is 169466717 prime?
False
Is 201276083 a prime number?
True
Is 6195971 a composite number?
False
Is 11977109 a composite number?
False
Is 5496571 prime?
True
Is 961373 a composite number?
True
Is 2620573 prime?
True
Is 416570263 a composite number?
True
Is 76905443 composite?
False
Is 6161479 prime?
True
Is 413857 a composite number?
True
Is 261990409 a prime number?
True
Is 20259769 a prime number?
True
Is 27360661 a composite number?
False
Is 2399039 a prime number?
True
Is 154238813 a prime number?
False
Is 38073041 prime?
True
Is 2149817 prime?
False
Is 97508849 composite?
True
Is 82757 a prime number?
True
Is 9636026 prime?
False
Is 2780231 prime?
False
Is 748651 composite?
True
Is 960785221 prime?
False
Is 13784266 prime?
False
Is 2703326 a composite number?
True
Is 15303287 a composite number?
False
Is 115143335 prime?
False
Is 98632582 prime?
False
Is 545941949 prime?
False
Is 2532083 a prime number?
True
Is 4983457 a prime number?
False
Is 10955911 a composite number?
False
Is 781644953 composite?
False
Is 4241173 prime?
True
Is 6000361 prime?
False
Is 151273201 a composite number?
False
Is 326472379 composite?
False
Is 81127483 prime?
False
Is 1328147 composite?
True
Is 44846027 a prime number?
False
Is 22026623 a prime number?
False
Is 11168549 a composite number?
True
Is 187603403 a prime number?
False
Is 45203369 a composite number?
False
Is 3246211 a composite number?
True
Is 15419 prime?
False
Is 1730891 prime?
True
Is 83404943 prime?
True
Is 1055237 a composite number?
True
Is 1484531 composite?
False
Is 16643689 prime?
False
Is 3630359 prime?
True
Is 3801883 a composite number?
False
Is 370627903 a composite number?
False
Is 383938843 composite?
False
Is 3802049 composite?
True
Is 16110723 prime?
False
Is 1544357 prime?
True
Is 926741 a prime number?
True
Is 54017129 composite?
False
Is 1527173 prime?
True
Is 15949897 prime?
False
Is 1570043 prime?
True
Is 67271279 composite?
False
Is 298946353 composite?
True
Is 483353 a composite number?
True
Is 8033573 prime?
True
Is 4557557 prime?
True
Is 975931 prime?
False
Is 241077383 a composite number?
False
Is 1688147 a composite number?
False
Is 162155683 composite?
True
Is 168164669 composite?
False
Is 2713553 composite?
False
Is 30168829 composite?
True
Is 7443461 a prime number?
False
Is 164145253 a prime number?
True
Is 15777803 a composite number?
False
Is 25857977 composite?
False
Is 714310489 composite?
False
Is 125454557 prime?
False
Is 285981 a composite number?
True
Is 7869937 a prime number?
False
Is 5709593 a prime number?
True
Is 10711903 a prime number?
False
Is 5115647 prime?
True
Is 5177433 a prime number?
False
Is 2129627 prime?
True
Is 20024417 prime?
False
Is 16507427 composite?
True
Is 3411479 prime?
False
Is 19106281 a composite number?
True
Is 155928039 prime?
False
Is 70397557 a composite number?
False
Is 3800989 composite?
True
Is 1361851 a composite number?
True
Is 20210369 prime?
True
Is 13547293 composite?
False
Is 4229317 a prime number?
True
Is 4881071 prime?
False
Is 4173683 a composite number?
False
Is 40018